2?
2
What is the greatest common factor of 323 and 17?
17
Calculate the highest common divisor of 108 and 180.
36
Calculate the highest common factor of 1701 and 54.
27
Calculate the greatest common factor of 66 and 1419.
33
Calculate the highest common divisor of 14352 and 144.
48
What is the highest common factor of 1897 and 7?
7
What is the greatest common divisor of 250 and 1125?
125
Calculate the greatest common divisor of 128 and 8.
8
Calculate the highest common factor of 785 and 314.
157
What is the highest common divisor of 481 and 37?
37
Calculate the highest common factor of 8 and 2564.
4
Calculate the greatest common factor of 1 and 89.
1
Calculate the highest common factor of 245 and 140.
35
What is the highest common factor of 28 and 2870?
14
Calculate the highest common factor of 124 and 434.
62
What is the greatest common divisor of 625 and 25?
25
What is the highest common factor of 46 and 1081?
23
Calculate the greatest common factor of 286 and 836.
22
Calculate the greatest common divisor of 12 and 4476.
12
Calculate the greatest common divisor of 23984 and 32.
16
What is the greatest common factor of 570 and 18?
6
Calculate the greatest common factor of 153 and 34.
17
Calculate the greatest common factor of 9354 and 6.
6
What is the highest common factor of 3611 and 207?
23
Calculate the greatest common divisor of 403 and 1023.
31
What is the greatest common factor of 88 and 56?
8
Calculate the greatest common divisor of 11 and 649.
11
Calculate the highest common factor of 3465 and 175.
35
Calculate the greatest common factor of 129 and 59727.
129
What is the greatest common divisor of 3 and 141?
3
What is the greatest common divisor of 5508 and 68?
68
What is the highest common divisor of 1849 and 989?
43
Calculate the highest common divisor of 4 and 46.
2
What is the highest common divisor of 189 and 651?
21
What is the greatest common divisor of 385 and 33?
11
Calculate the greatest common divisor of 14 and 164.
2
What is the highest common divisor of 11269 and 118?
59
Calculate the highest common divisor of 11 and 11.
11
Calculate the highest common divisor of 297 and 36.
9
Calculate the highest common divisor of 620 and 1085.
155
Calculate the highest common factor of 654 and 54.
6
Calculate the highest common factor of 180 and 75.
15
What is the greatest common factor of 572 and 154?
22
Calculate the highest common factor of 2125 and 2375.
125
Calculate the highest common factor of 147 and 35.
7
Calculate the highest common factor of 180 and 42.
6
What is the highest common divisor of 816 and 48?
48
What is the greatest common divisor of 9 and 63?
9
What is the highest common factor of 63 and 105?
21
Calculate the greatest common divisor of 43520 and 170.
170
Calculate the greatest common factor of 25 and 2425.
25
What is the greatest common divisor of 7284 and 48?
12
Calculate the greatest common divisor of 18 and 2691.
9
What is the greatest common divisor of 43 and 3?
1
What is the greatest common factor of 1144 and 7592?
104
Calculate the greatest common factor of 208 and 754.
26
Calculate the highest common divisor of 112 and 3024.
112
Calculate the greatest common factor of 35 and 266.
7
Calculate the highest common divisor of 46 and 368.
46
What is the greatest common divisor of 1615 and 95?
95
Calculate the greatest common divisor of 37 and 592.
37
What is the greatest common divisor of 3 and 81?
3
What is the highest common divisor of 2150 and 50?
50
What is the highest common factor of 48 and 138?
6
What is the highest common divisor of 24871 and 418?
209
Calculate the greatest common factor of 190 and 23085.
95
What is the highest common divisor of 472 and 40?
8
What is the highest common factor of 16 and 8?
8
Calculate the highest common factor of 14 and 413.
7
Calculate the greatest common factor of 533 and 205.
41
What is the greatest common divisor of 2485 and 35?
35
What is the greatest common factor of 12228 and 12?
12
What is the highest common factor of 2825 and 25?
25
What is the greatest common factor of 33 and 319?
11
What is the highest common divisor of 48 and 708?
12
What is the greatest common factor of 35 and 1345?
5
Calculate the greatest common divisor of 15 and 21.
3
What is the greatest common factor of 261 and 319?
29
Calculate the highest common divisor of 901 and 2597.
53
Calculate the greatest common divisor of 51 and 918.
51
Calculate the greatest common factor of 230 and 10.
10
Calculate the highest common divisor of 832 and 104.
104
Calculate the highest common divisor of 531 and 7788.
177
What is the greatest common divisor of 108 and 11502?
54
Calculate the greatest common divisor of 160 and 15.
5
Calculate the highest common divisor of 30 and 1140.
30
What is the highest common divisor of 16 and 44?
4
Calculate the greatest common factor of 1581 and 51.
51
Calculate the greatest common factor of 7627 and 290.
29
Calculate the greatest common factor of 16 and 176.
16
What is the highest common divisor of 5289 and 492?
123
What is the highest common divisor of 272 and 2584?
136
Calculate the highest common factor of 276 and 84.
12
What is the highest common factor of 3087 and 63?
63
What is the highest common factor of 9 and 3?
3
Calculate the highest common divisor of 50 and 575.
25
Calculate the highest common divisor of 68 and 595.
17
Calculate the greatest common factor of 1325 and 12455.
265
Calculate the highest common divisor of 8710 and 90.
10
What is the greatest common divisor of 512 and 640?
128
What is the greatest common factor of 3680 and 32?
32
Calculate the highest common factor of 1197 and 36.
9
What is the highest common factor of 517 and 22?
11
What is the highest common divisor of 69 and 1035?
69
What is the greatest common factor of 153 and 24?
3
What is the greatest common factor of 160 and 10?
10
What is the greatest common divisor of 92 and 2484?
92
Calculate the highest common divisor of 976 and 2256.
16
What is the greatest common divisor of 39 and 221?
13
Calculate the greatest common factor of 54 and 189.
27
What is the greatest common factor of 287 and 533?
41
What is the greatest common factor of 4056 and 169?
169
Calculate the highest common divisor of 2744 and 7.
7
Calculate the greatest common divisor of 625 and 400.
25
Calculate the greatest common factor of 56 and 504.
56
What is the greatest common divisor of 69 and 102?
3
Calculate the highest common divisor of 6 and 96.
6
What is the greatest common divisor of 2465 and 2720?
85
Calculate the greatest common divisor of 56 and 140.
28
What is the greatest common factor of 9 and 27?
9
What is the greatest common factor of 48 and 312?
24
What is the greatest common divisor of 63 and 1596?
21
Calculate the greatest common factor of 240 and 1032.
24
Calculate the highest common divisor of 50 and 275.
25
What is the greatest common factor of 24 and 36?
12
Calculate the greatest common factor of 9 and 126.
9
Calculate the greatest common divisor of 209 and 55.
11
What is the greatest common factor of 90 and 200?
10
What is the highest common factor of 50 and 90?
10
What is the greatest common divisor of 50 and 1550?
50
What is the greatest common divisor of 10 and 745?
5
What is the greatest common divisor of 273 and 663?
39
Calculate the greatest common factor of 72 and 378.
18
Calculate the greatest common factor of 19726 and 14.
14
What is the greatest common factor of 1034 and 253?
11
Calculate the greatest common divisor of 207 and 1173.
69
Calculate the greatest common divisor of 2896 and 80.
16
Calculate the highest common divisor of 12901 and 97.
97
What is the highest common divisor of 282 and 8601?
141
Calculate the greatest common factor of 21190 and 65.
65
Calculate the greatest common divisor of 4520 and 104.
8
What is the highest common divisor of 20850 and 10?
10
Calculate the highest common factor of 344 and 8.
8
Calculate the greatest common divisor of 25 and 475.
25
Calculate the highest common factor of 10 and 1790.
10
Calculate the greatest common factor of 15 and 15.
15
What is the highest common divisor of 60 and 10980?
60
Calculate the highest common factor of 630 and 180.
90
Calculate the highest common divisor of 4017 and 39.
39
What is the highest common divisor of 315